{"id":9,"date":"2026-09-04T00:06:03","date_gmt":"2026-09-04T00:06:03","guid":{"rendered":"http:\/\/marcusanddamer.com\/?cuvee=cuvee-origine"},"modified":"2026-09-04T00:06:03","modified_gmt":"2026-09-04T00:06:03","slug":"cuvee-origine","status":"publish","type":"cuvee","link":"https:\/\/marcusanddamer.com\/?cuvee=cuvee-origine","title":{"rendered":"Cuv\u00e9e Origine"},"content":{"rendered":"<p>Cuv\u00e9e embl\u00e9matique de la collection, Origine associe la structure du Pinot Noir \u00e0 la finesse du Chardonnay.<\/p>\n","protected":false},"excerpt":{"rendered":"<p>Cuv\u00e9e embl\u00e9matique de la collection, Origine associe la structure du Pinot Noir \u00e0 la finesse du Chardonnay.<\/p>\n","protected":false},"featured_media":0,"template":"","class_list":["post-9","cuvee","type-cuvee","status-publish","hentry"],"_links":{"self":[{"href":"https:\/\/marcusanddamer.com\/index.php?rest_route=\/wp\/v2\/cuvee\/9","targetHints":{"allow":["GET"]}}],"collection":[{"href":"https:\/\/marcusanddamer.com\/index.php?rest_route=\/wp\/v2\/cuvee"}],"about":[{"href":"https:\/\/marcusanddamer.com\/index.php?rest_route=\/wp\/v2\/types\/cuvee"}],"wp:attachment":[{"href":"https:\/\/marcusanddamer.com\/index.php?rest_route=%2Fwp%2Fv2%2Fmedia&parent=9"}],"curies":[{"name":"wp","href":"https:\/\/api.w.org\/{rel}","templated":true}]}}

Cuvée Origine

<p>Cuvée emblématique de la collection, Origine associe la structure du Pinot Noir à la finesse du Chardonnay.</p>
